 -t = 3*s + t - 249, -3*s + 5*t + 270 = 0. What are the prime factors of s - (-3 - (-4 - 2))?
2, 41
Let t = -3 + 5. Let k(z) = -4*z + 54. Let y be k(14). What are the prime factors of y + (-2 - -33) + t?
31
What are the prime factors of (-14456)/24*-3 + 6?
7, 37
Suppose 18 = 4*c - 30. Let g(x) = x**2 - 6*x - 41. List the prime factors of g(c).
31
Let d = 27 + 4. Let q = 36 + d. List the prime factors of q.
67
Let f = -834 + 1468. What are the prime factors of f?
2, 317
Let h(r) = 13*r**2 - 4*r + 42. List the prime factors of h(-5).
3, 43
Suppose 282 + 268 = 11*n. Let t(w) = 48*w - 1. Let l be t(2). Let k = l - n. What are the prime factors of k?
3, 5
Let k be (-260)/28 - (-4)/14. Let h = k + 11. Suppose 3*t - 120 = -j, -3*j - 20 = -h*t + 60. List the prime factors of t.
2, 5
Suppose -4*a = -d + 1154 + 733, -a = d - 1867. What are the prime factors of d?
1871
Let z be 3*1 - (9 - 12). Suppose -z = -a - 3. Suppose -7*k + 15 = -a*k + t, 6 = k + t. List the prime factors of k.
3
Let f(j) = -13*j - 5. Suppose -4*l + 14 + 7 = 5*n, 2*n = -l + 9. List the prime factors of f(l).
2
List the prime factors of (166/(-8))/(14/8 + -2).
83
Let v = 99 - 85. Suppose -1078 = 7*i - v*i. What are the prime factors of i?
2, 7, 11
Let c(h) = -7 + 8*h**2 - h**3 + 2*h + 2 + 0. Let d(r) = -3*r**2 - 23*r - 6. Let n be d(-7). List the prime factors of c(n).
11
Let p be 2/11 - (-75)/11. Let x(w) = -w**2 + 6*w + 9. Let v be x(p). Suppose v*t - 7 + 1 = 0. What are the prime factors of t?
3
Suppose 3*t = -2*v - 9, 0*v - t = -3*v + 14. Suppose v*x = 5*x + 78. Let c = x + 67. What are the prime factors of c?
2, 7
Suppose -17*h - 366 = -23*h. List the prime factors of h.
61
Let h = -553 + 891. What are the prime factors of h?
2, 13
Suppose 4*s - 5*l - 3255 = -0*s, -5*s + 4*l = -4080. Suppose -33*c + s = -29*c. What are the prime factors of c?
5, 41
Suppose -1910 = 5*r - 5010. Suppose 29*i - 34*i + r = 0. List the prime factors of i.
2, 31
Let r(l) = -18*l + 3. Let g(j) = j**2 - 35*j + 7. Let z(t) = -2*g(t) + 5*r(t). What are the prime factors of z(-5)?
3, 17
Suppose -13*c - 989 = -7580. List the prime factors of c.
3, 13
Let p(a) = 7*a**2 - 3*a + 10. Let f(x) = x**2 - 2*x - 4. Let y be f(4). List the prime factors of p(y).
2, 5, 11
Let l(v) = -14*v + 7. Let z(k) = -5*k - 6. Let h(c) = 6*c + 7. Let n(r) = -6*h(r) - 7*z(r). Let t(m) = l(m) - 5*n(m). What are the prime factors of t(-4)?
43
Let n = 3 - 4. Let d be (-3)/n*30/18. Suppose -3*g + 73 = -d. List the prime factors of g.
2, 13
Let z = 7739 - 5168. List the prime factors of z.
3, 857
Suppose -37096 - 12668 = -26*b. What are the prime factors of b?
2, 3, 11, 29
Suppose -2*h - 5*x - 14 = -0*x, 2*x + 14 = 2*h. Suppose -h = -2*y + 1. List the prime factors of y.
2
List the prime factors of ((-1722)/105)/(1/(-5)).
2, 41
Let y(i) = i + 3. Let o be y(-6). Let v be ((-21)/14)/(o/(-4)). Let j(w) = -5*w**3 - 3*w**2 - 3*w - 1. List the prime factors of j(v).
3, 11
Let n = -128 + 1471. List the prime factors of n.
17, 79
Let z be 3*1*(-10)/(-10). Let h = -13 + 38. Suppose 0 = -z*k - 3*x + h + 20, k + 10 = 4*x. List the prime factors of k.
2, 5
Let v(o) = 107*o + 21. Let h(n) = -53*n - 10. Let z(x) = -5*h(x) - 3*v(x). List the prime factors of z(-2).
3, 11
Let a(t) = 71*t + 320. List the prime factors of a(29).
3, 13, 61
What are the prime factors of -1 + ((-13455)/(-10))/((-4)/(-8))?
2, 5, 269
Let h = 26 - 26. Suppose h = -2*j + j. List the prime factors of 51 - (j/2 - 4).
5, 11
Let x = -109 + 1707. List the prime factors of x.
2, 17, 47
Let x be ((-16)/12)/((-2)/(-30)). What are the prime factors of (-6)/((-6)/(-2))*x?
2, 5
Let j = 251 - 130. Let w = j + -6. What are the prime factors of w?
5, 23
List the prime factors of 0 - 16/4 - (-912)/2.
2, 113
Suppose 34*t + 1373 = 20651. What are the prime factors of t?
3, 7
Let r(l) = 3*l**2 - 4*l + 3. Let a be r(1). Suppose 3*i = -0*p + 2*p + 255, a*i - p - 170 = 0. What are the prime factors of i?
5, 17
Suppose j + 15 = 4*j + 2*g, 16 = 4*j + 4*g. Let l = j - 6. List the prime factors of l/(-3) + (-196)/(-12).
2
Let x = -42 + 42. Let i(g) = -g**2 + g + 23. What are the prime factors of i(x)?
23
Suppose -24*v + 23*v - 5*x + 387 = 0, -x = -4*v + 1443. List the prime factors of v.
2, 181
Suppose -2*r = -42*l + 45*l - 5217, -4*r + l + 10413 = 0. List the prime factors of r.
2, 3, 7, 31
Let y be ((-18)/(-12))/((-2)/(-4)). Suppose -y*n + 8*n = 315. List the prime factors of n.
3, 7
Suppose 5*p = 3*q + 2, 0*q + 3*p - 30 = -3*q. List the prime factors of q/((-4)/(-120)*3).
2, 3, 5
Let n = 216 + -71. Let l = n + -268. Let r = 196 + l. List the prime factors of r.
73
Suppose 0 = 4*k + 195 - 771. Suppose 2*r - k = -4*p + 3*p, 67 = r + 3*p. List the prime factors of r.
73
Suppose r = 5*r. Suppose 3*b - 20 = 2*u - 4*u, -5*b + 20 = r. Suppose 2*m = u + 4. What are the prime factors of m?
2
Let x be (15/(-9) - -1)*15. Let c = -17 - x. Let k(b) = -b + 7. List the prime factors of k(c).
2, 7
Let u = 26 - 17. Suppose 0 = -4*l + l + u. Suppose -l*n = -5*n + 46. List the prime factors of n.
23
Suppose 32*b = 25*b + 3010. List the prime factors of b.
2, 5, 43
Suppose -189*d + 178*d = -8778. What are the prime factors of d?
2, 3, 7, 19
Suppose 12*w = 14*w - 4. Let p(c) = c**3. Let m be p(2). Let v = w + m. List the prime factors of v.
2, 5
Let i(k) = 36*k - 3. Let m(u) = 2*u**2 - u + 1. Let f be m(1). Let t(s) = 18*s - 2. Let j(q) = f*i(q) - 5*t(q). List the prime factors of j(-2).
2, 5
Suppose 2*k = -2*q - 1 + 3, 3*k - 9 = -q. Let f be 2 - (k + -3 + -3). What are the prime factors of (30 - (f + -7))*1?
3, 11
Let x(i) = 3*i**2 - 4*i + 21. Let t be x(6). Let g = -4 + t. What are the prime factors of g?
101
Suppose -33 = -5*f + 8*w - 4*w, -15 = -5*f - 5*w. Suppose -3*b - 105 = -g - 5*b, 5*g - f*b = 570. What are the prime factors of g?
3, 37
Let d = 1402 + -882. What are the prime factors of d?
2, 5, 13
Suppose 0 = 7*f - 0*f + 224. List the prime factors of f/(-6) + 40/(-30).
2
Let d(t) = t**3 - 3*t**2 + 3*t - 2. Let u be d(2). Suppose -z + 3*z = u. List the prime factors of -7 + 5 - (z + -25).
23
Let h = 175 + -7. Let r = h + 160. Suppose 4*u = -4*t + r, -7*u = -2*u - 10. What are the prime factors of t?
2, 5
Suppose -4*q + 100 = -c, 0 = q + c - 8 - 22. Let g be 4/(-6) - (-2)/3. Suppose -l + g = -q. List the prime factors of l.
2, 13
Let q = -199 + 134. Let k be (-6266)/q + 2/(-5). Suppose -3*m - 5*g + 66 = -0*m, -4*g = 4*m - k. List the prime factors of m.
3
Let h(t) be the first derivative of 2*t**3/3 + 7*t**2 + 5*t - 3. Let u be h(-10). Suppose s + 2*r = r + 21, -u = -3*s - 2*r. List the prime factors of s.
23
Suppose -496 + 2059 = 3*y. List the prime factors of y.
521
Let g(d) = -2*d**3 + 6*d**2 + 4*d + 10. Let x be g(5). Let w = -22 - x. List the prime factors of w.
2, 3
Suppose 7*j + 2004 = 29073. What are the prime factors of j?
3, 1289
Let i(c) = c**2 + 10*c + 13. Let x be i(-10). Let s be (1 - -1)*(x - 3). Let n = s - 16. List the prime factors of n.
2
Let u = 3239 + -1596. What are the prime factors of u?
31, 53
Let u = -9 + 1. What are the prime factors of 0/(u - -3) - -40?
2, 5
Suppose 39 = -0*y - 3*y. Let c = y - 26. What are the prime factors of c/2*12/(-18)?
13
Suppose x - 196 = 170. What are the prime factors of x?
2, 3, 61
What are the prime factors of ((5 - 4)*1096)/2?
2, 137
Let b = 361 - 519. Let q = 300 + b. List the prime factors of q.
2, 71
Suppose 83 = -2*v + 5*v - 5*c, 2*c = 5*v - 151. Let r = v - 19. What are the prime factors of 285/12 + r/(-16)?
23
Let l = 39 - 32. Suppose 10*t = l*t + 261. List the prime factors of t.
3, 29
Suppose -3*z + 984 = -1122. What are the prime factors of z?
2, 3, 13
Suppose 3*b + 647 = 2*f, 6*b = -3*f + b + 923. Suppose -7*i - 78 = -f. What are the prime factors of i?
2, 17
Let h = -188 + -1. Let k = -123 - h. List the prime factors of k.
2, 3, 11
Let q(r) = -r**3 + 16*r**2 + 35*r + 20. Let o be q(18). What are the prime factors of (o/(-6))/(2112/(-702) + 3)?
3, 13
Let g(q) = q**2 + 11*q + 3. Suppose -15 = 3*z - 3*h, 2*z + 5*h = 3*z + 1. Let b be z/33 + (-423)/33. List the prime factors of g(b).
29
Let d = -225 + 256. Let o be (-3 - 0)*(-1 - 2). Let l = d - o. What are the prime factors of l?
2, 11
Let u = 44 + 128. What are the prime factors of u?
2, 43
L